(-3 - -1) a composite number?
False
Suppose -4*a - 13 = 9*a. Let i(l) = -316*l**3 - 4*l - 3. Is i(a) a composite number?
False
Let m(n) = -43*n + 47. Let z be m(22). Let p = 3236 - z. Is p a prime number?
False
Is (-1)/4 - 84106/(-8) prime?
True
Is -1 + (6/(-8) - -3) + (-10443383)/(-244) composite?
True
Let u(o) = 331*o**2 + 202*o + 51. Is u(-44) a prime number?
True
Suppose -3 = -p + 5*t, -395*p + 396*p + 3*t + 5 = 0. Suppose -3*q - 10 = 2. Is (-15638 - q)*1/p a composite number?
False
Suppose 76*y - 75*y = 21. Suppose 26*g - 355 = y*g. Let q = 106 - g. Is q a composite number?
True
Let k be (-1)/(4/(-8) + 0). Let m = 6 - k. Suppose m*j - 4303 - 2629 = 0. Is j composite?
False
Is (-307)/(-2)*19*(-2328)/(-228) prime?
False
Suppose -4*i = -39 - 349. Suppose 4*o - 2*b + 6*b = 1068, -b - 1053 = -4*o. Let d = o - i. Is d a prime number?
True
Suppose -5 = -5*j + 10, -5*j = 5*n - 230. Let b = n - 43. Suppose -3*i - 4*u = -u - 657, i - 4*u - 239 = b. Is i a composite number?
False
Let z = -158085 + 609836. Is z prime?
False
Let u(f) = -f**2 + f - 41. Let r be u(0). Let s = r - -130. Let i = s + -22. Is i prime?
True
Let x(t) = 2 - 11 - 5 - 6*t + 4*t**2 - 3*t**2. Let p be x(8). Suppose 0 = 4*h - 8, 3*h - 1372 = -3*q - p*h. Is q a composite number?
True
Suppose 0*a - 4*a - 4*k + 24460 = 0, -4*a - k + 24445 = 0. Suppose -2*j + a = 4*t, -j - 3*t + 0*t = -3058. Is j composite?
False
Suppose w = 19 + 56. Let l = w + -53. Let s = 491 - l. Is s a prime number?
False
Let d(a) = 112*a**3 - 76*a**2 + 34*a - 113. Is d(13) a prime number?
True
Let g = 233987 + -115776. Is g a composite number?
False
Is (41 + -658966 + -49)/(0 - 2) a composite number?
True
Is (967888/6)/(2/5) + (-651)/(-279) prime?
True
Let b(g) = -9979*g + 1129. Is b(-4) composite?
True
Let i(w) = 107775*w**2 + 222*w - 445. Is i(2) a prime number?
True
Let x = -735580 + 1764493. Is x a prime number?
False
Suppose 3215 = 3*a + 2*a. Suppose 0 = v - 4*q - a, -3*v - q = 3*q - 1961. Suppose g - v = -2*g. Is g prime?
False
Let v = -98 + 100. Let h = v + 1. Let a(m) = 667*m**2 + 4. Is a(h) a prime number?
True
Let q = -319 + 462. Suppose 3*j + 158 - q = 0. Let h(a) = -5*a**3 + 7*a**2 - 2*a - 11. Is h(j) prime?
False
Suppose -4*m - 3*p + 460 = 0, -572 = -5*m - p - 2*p. Let t be 2 + 256/m + (-2)/7. Is 1146/t*(-6)/(-9) prime?
True
Is 7 - (8300720/(-20) - 6) prime?
False
Suppose -2*h + 12 = 2*l + l, -3*h + 17 = 4*l. Is (l/(-6))/((-3)/12249) a composite number?
False
Suppose 0 = 10*i - 4*s - 473240, -i + 47316 = -24*s + 22*s. Is i prime?
False
Let w = 10393 + -6516. Is w prime?
True
Suppose -6*k + 11 = -7. Suppose -k*t + 36 = 2*m, 7*m - 3*m - 72 = -5*t. Is (-13832)/(-9) + 2/m prime?
False
Let c(j) = 13414*j**2 + 16*j - 22. Is c(2) prime?
False
Suppose -33934 + 12709 = -3*a. Let u = a - -894. Is u a prime number?
False
Let p(s) be the second derivative of -16*s + 0 - 28/3*s**3 + s**2. Is p(-1) composite?
True
Let z = -54 - -85. Suppose 9039 = 28*b - z*b. Let o = -1764 - b. Is o a prime number?
True
Is (-381)/(-1)*(-3126)/(-18) a prime number?
False
Let n(v) = v**2 + 7*v + 2. Let h be n(-7). Suppose 3*a - 4*w = 11, 3*a - h*w + 12 = 5*a. Suppose -a*o + 2103 = -2*o. Is o a prime number?
True
Let o(p) = 50462*p + 1361. Is o(18) composite?
True
Suppose 511*b - 25502 = 509*b. Let f = -7560 + b. Is f a composite number?
True
Let r(i) = 46*i**3 - 3*i**2 + 13*i + 11. Let s(k) = -45*k**3 + 3*k**2 - 12*k - 11. Let x(m) = 4*r(m) + 5*s(m). Is x(-7) prime?
False
Suppose 3*b = -u + 592 - 243, -b = -3*u + 1087. Suppose 0 = -6*q + 2670 + 1290. Let k = q - u. Is k a composite number?
True
Suppose -5*a + 5*t + 245 = 0, -3*a - 5*t + 131 = -0*a. Let s = a - 45. Suppose -5 = 5*g, 2*k - s*g - 87 = 317. Is k a prime number?
False
Let z = 239 - 236. Suppose 4*d = 5*i - 41335, -z*i + 3*d - 8248 = -4*i. Is i composite?
False
Suppose p = 5*p + n - 16369, -5*p - 3*n = -20470. Let c = 7030 - p. Is c composite?
False
Let w = 10 + -10. Suppose -5*g - n + 8479 = w, -7*g + 4*n + 5092 = -4*g. Let l = g - 441. Is l composite?
True
Let a(c) = -237*c + 2. Let j be a(-9). Suppose 5*w = j + 2850. Is w a prime number?
True
Suppose -87 = -13*q + 82. Let k(j) = -j**2 + 16*j - 40. Let n be k(q). Is ((-218)/3)/(-2*n/(-3)) a prime number?
True
Suppose 8 = 28*q - 30*q. Let r(l) = -11*l**3 - 4*l - 3*l**2 + 6*l - 8*l - 1. Is r(q) prime?
False
Suppose 57*l + 151*l = 256881817 - 33165129. Is l a prime number?
True
Suppose -23*i + 3130028 = -955067 - 5030472. Is i prime?
False
Let o be ((-2)/(-8))/((-20)/(-240)). Suppose -5*t - 9297 = -o*i - 3*t, -3095 = -i + 2*t. Is i prime?
False
Let z(w) = w**2 + 15*w + 45. Let t be z(-10). Let i(h) = -29*h**3 + h**2 - 7*h + 12. Is i(t) a composite number?
False
Let q(y) = 35*y - 16*y + 8*y - 5*y**2 + 15*y**2 + 2*y**2 + 38. Is q(-15) prime?
True
Let a = -221434 - -335591. Is a a prime number?
True
Suppose 4*c + 3*r + 2117 = 5400, -c + 837 = 4*r. Suppose -14*h - 7634 + 8754 = 0. Let u = c - h. Is u a composite number?
True
Let p(u) = u**3 + 6*u**2 - 8*u + 17. Let c be p(-7). Suppose -44 + c = -5*o. Suppose -o*s = -5*s + 1361. Is s a prime number?
True
Suppose 103650 = 4*v + 2*v. Suppose 12*b = v + 1457. Is b composite?
True
Let b be 67346/16 + (38/(-16))/19. Let w = -230 + b. Is w a composite number?
True
Let m(v) = 1043*v**2 - 2*v - 2. Let t = -81 + 82. Is m(t) a composite number?
False
Suppose -6*g + 3*g + 4485 = 0. Let y = g + 7744. Is y a prime number?
True
Let m be 14*(406 + -2) + 4. Let n be (m/25)/(4/50). Let y = 5163 - n. Is y composite?
False
Let t = 3314 + -1653. Let k = 5764 - t. Suppose 10*w = -2*j + 7*w + k, -j = 3*w - 2050. Is j a prime number?
True
Let l = 167 - 145. Suppose -1738 = -2*g - 4*m, 18*m + 3492 = 4*g + l*m. Is g a prime number?
True
Let c(k) = -4*k - 10. Let u be c(-3). Suppose u*t = -0*t + 4. Suppose 0 = 2*l - 3*r - 27 - 23, t*l - 5*r = 54. Is l composite?
True
Suppose 14*r + 45 = 339. Suppose 0 = 17*u - r*u + 508. Is u a composite number?
False
Is (209/(-22))/19 - (-332622)/4 a composite number?
True
Let a(c) = -6*c - 3. Let b(r) = -3*r - 1. Let m(g) = 6*a(g) - 11*b(g). Let i be m(-3). Suppose i*w - 754 - 64 = 0. Is w a prime number?
True
Let f = -10232 - -17451. Is f prime?
True
Let h(x) be the second derivative of x**5/20 - 5*x**4/12 + 7*x**3/6 - 4*x**2 + 18*x. Let g be h(4). Is 68/16 - g - (-2694)/8 a prime number?
True
Let a = -7327 - 1514. Let p = -1894 - a. Is p composite?
False
Suppose 0 = 16*m - 74762 - 108326. Is m a composite number?
False
Let w(o) = 5*o**3 + 10*o**2 + 9*o + 131. Let v be w(10). Suppose 0 = 3*j + 2*a - v, 3061 + 1108 = 2*j - 3*a. Is j composite?
True
Let h = 47074 + 51295. Is h a composite number?
False
Suppose f + 7308 = 2*m, f - 7*m + 7318 = -3*m. Let z = f + 12679. Is z prime?
True
Let h be (2/(-3))/(112/15960). Is (h/38)/(1 - 4774/4772) prime?
False
Let o(w) = 419*w**2 - 5*w - 1. Suppose y + z - 9 = 0, -y + 4*z - 6 = -0*z. Is o(y) prime?
True
Suppose -4*r + 2484815 = 3*g, -146*g = -141*g - 5*r - 4141300. Is g composite?
True
Suppose 0 = -4*h + 5*i + 3211108, -2*h + 119*i - 118*i = -1605554. Is h composite?
False
Let d = 56 - 52. Suppose -d*w - 3*c + 147 = -17, 4*c = -2*w + 82. Suppose -3*x = 2*y - 31, -2*y + x = 2*x - w. Is y a composite number?
False
Let o be 7 + (-7)/(28/3572). Let f = o - -2743. Is f prime?
False
Suppose -38*a + 766416 = -9995678. Is a prime?
False
Suppose 3*r - b - 72417 = 1564105, -r - b = -545506. Is r/93*(4 + -1) composite?
False
Let l = -2 - -4. Suppose 10*y + 1420 = 11400. Suppose 0*r + l*r = y. Is r a prime number?
True
Suppose -4*k + b = 1, -4*k - b + 5*b = 4. Suppose k = 3*c - 12*c + 266319. Is c prime?
False
Suppose -49*a = -3900492 - 7601. Is a a composite number?
False
Suppose 0 = h - 6*h + 175510. Is h composite?
True
Suppose -s - 524 = 3*y, 0 = -y - 3*s - 97 - 83. Let p = y + 35. Let d = 70 - p. Is d prime?
False
Let r(a) = 22*a**3 - a**2 + 19*a - 17. Let p be r(7). Suppose 110*l = 109*l + p. Is l prime?
False
Let o be 3*(1*(4 + 6) - -3). Suppose 41*q = o*q + 502. Is q a prime number?
True
Let j(h) = -2*h**2 - 12*h - 11. Let v be j(-8). Let d = -46 - v. Is (0 - 2 - d)*1847 a composite number?
False
Suppose 3*o = t + 973107, 64*o - 65*o + 324361 = t. Is o prime?
False
Let d(f) = -8085*f - 1142. Is d(-12) a composite number?
True